{"id":469,"date":"2020-11-21T01:33:05","date_gmt":"2020-11-21T01:33:05","guid":{"rendered":"http:\/\/contabilpedroso.com.br\/?page_id=469"},"modified":"2020-11-21T01:43:47","modified_gmt":"2020-11-21T01:43:47","slug":"blog","status":"publish","type":"page","link":"https:\/\/contabilpedroso.com.br\/index.php\/blog\/","title":{"rendered":"blog"},"content":{"rendered":"\n<h2><strong>Afinal, o MEI precisa de contador?<\/strong><\/h2>\n\n\n\n<p>A resposta \u00e9 n\u00e3o e sim&#8230; entenda<\/p>\n\n\n<h2>\u00a0<\/h2>\n<h2>\u00a0<\/h2>\n<p style=\"padding-left: 80px;\">\u00a0<\/p>\n<p style=\"padding-left: 80px;\">\u00a0<\/p>\n<p style=\"padding-left: 80px;\">Legalmente o MEI n\u00e3o precisa contratar um Contador, diferentemente dos outros tipos de empresas que obrigatoriamente devem manter uma escritura\u00e7\u00e3o cont\u00e1bil e diversas outras obriga\u00e7\u00f5es.<\/p>\n<p style=\"padding-left: 80px;\">O MEI, por sua vez, apesar de n\u00e3o precisar manter a escritura\u00e7\u00e3o cont\u00e1bil, ter\u00e1 dificuldades em desenvolver algumas atividades nas \u00e1reas fiscais e trabalhistas. Afinal as orienta\u00e7\u00f5es do contador s\u00e3o primordiais para o crescimento do seu empreendimento.<\/p>\n<p style=\"padding-left: 80px;\">Estas s\u00e3o algumas das aten\u00e7\u00f5es do MEI:<\/p>\n<p style=\"padding-left: 80px;\">Manter faturamento abaixo de 81.000,00<\/p>\n<p style=\"padding-left: 80px;\">Elaborar a folha de pagamento se tiver funcion\u00e1rios<\/p>\n<p style=\"padding-left: 80px;\">Fazer a declara\u00e7\u00e3o anual<\/p>\n<p style=\"padding-left: 80px;\">Pagar o DAS mensalmente<\/p>\n<p style=\"padding-left: 80px;\">Manter controle de notas de vendas e de compras<\/p>\n<p style=\"padding-left: 80px;\">Manter controle do faturamento mensal<\/p>\n<p style=\"padding-left: 80px;\">Um contador ir\u00e1 resolver a maioria dessas situa\u00e7\u00f5es, e as que n\u00e3o pude, ir\u00e1 orientar da melhor maneira afim manter seu neg\u00f3cio prospero e em crescimento. Pois seu objetivo \u00e9 oferecer o melhor do seu neg\u00f3cio aos seus clientes, e se focar nessas atividades ir\u00e1 tirar o foco do seu melhor.<\/p>\n<p style=\"padding-left: 80px;\">Ent\u00e3o contacte um contador e deixe ele te ajudar a crescer.<\/p>\n<p style=\"padding-left: 80px;\">A PEDROSO CONTABILIDADE est\u00e1 \u00e0 disposi\u00e7\u00e3o para te ajudar no desenvolvimento do seu empreendimento.<\/p>\n<p style=\"padding-left: 80px;\"><a href=\"http:\/\/www.contabilpedroso.com.br\">www.contabilpedroso.com.br<\/a><\/p>\n<p style=\"padding-left: 80px;\"><a href=\"mailto:adalmiro@contabilpedroso.com.br\">adalmiro@contabilpedroso.com.br<\/a><\/p>\n<p style=\"padding-left: 80px;\">(11) 97383-3728<\/p>\n<p style=\"padding-left: 80px;\">\u00a0<\/p>\n<p><img loading=\"lazy\" src=\"http:\/\/contabilpedroso.com.br\/wp-content\/uploads\/2020\/11\/image4495-2.png\" sizes=\"(max-width: 797px) 100vw, 797px\" srcset=\"https:\/\/contabilpedroso.com.br\/wp-content\/uploads\/2020\/11\/image4495-2.png 797w, https:\/\/contabilpedroso.com.br\/wp-content\/uploads\/2020\/11\/image4495-2-300x144.png 300w, https:\/\/contabilpedroso.com.br\/wp-content\/uploads\/2020\/11\/image4495-2-768x368.png 768w\" alt=\"\" width=\"797\" height=\"382\" \/><\/p>","protected":false},"excerpt":{"rendered":"<p>Afinal, o MEI precisa de contador? A resposta \u00e9 n\u00e3o e sim&#8230; entenda \u00a0 \u00a0 \u00a0 \u00a0 Legalmente o MEI n\u00e3o precisa contratar um Contador, diferentemente dos outros tipos de empresas que obrigatoriamente devem manter uma escritura\u00e7\u00e3o cont\u00e1bil e diversas outras obriga\u00e7\u00f5es. O MEI, por sua vez, apesar de n\u00e3o precisar manter a escritura\u00e7\u00e3o cont\u00e1bil, &hellip;<\/p>\n<p class=\"read-more\"> <a class=\"\" href=\"https:\/\/contabilpedroso.com.br\/index.php\/blog\/\"> <span class=\"screen-reader-text\">blog<\/span> Read More &raquo;<\/a><\/p>\n","protected":false},"author":1,"featured_media":0,"parent":0,"menu_order":2,"comment_status":"closed","ping_status":"closed","template":"","meta":[],"_links":{"self":[{"href":"https:\/\/contabilpedroso.com.br\/index.php\/wp-json\/wp\/v2\/pages\/469"}],"collection":[{"href":"https:\/\/contabilpedroso.com.br\/index.php\/wp-json\/wp\/v2\/pages"}],"about":[{"href":"https:\/\/contabilpedroso.com.br\/index.php\/wp-json\/wp\/v2\/types\/page"}],"author":[{"embeddable":true,"href":"https:\/\/contabilpedroso.com.br\/index.php\/wp-json\/wp\/v2\/users\/1"}],"replies":[{"embeddable":true,"href":"https:\/\/contabilpedroso.com.br\/index.php\/wp-json\/wp\/v2\/comments?post=469"}],"version-history":[{"count":9,"href":"https:\/\/contabilpedroso.com.br\/index.php\/wp-json\/wp\/v2\/pages\/469\/revisions"}],"predecessor-version":[{"id":479,"href":"https:\/\/contabilpedroso.com.br\/index.php\/wp-json\/wp\/v2\/pages\/469\/revisions\/479"}],"wp:attachment":[{"href":"https:\/\/contabilpedroso.com.br\/index.php\/wp-json\/wp\/v2\/media?parent=469"}],"curies":[{"name":"wp","href":"https:\/\/api.w.org\/{rel}","templated":true}]}}